when 6775 is divided by 35?
20
What is the remainder when 79124 is divided by 682?
12
Calculate the remainder when 107856 is divided by 1659.
21
Calculate the remainder when 1213 is divided by 259.
177
Calculate the remainder when 968 is divided by 58.
40
Calculate the remainder when 633 is divided by 193.
54
What is the remainder when 2347 is divided by 170?
137
Calculate the remainder when 30223 is divided by 3773.
39
What is the remainder when 36165 is divided by 119?
108
What is the remainder when 15630 is divided by 3744?
654
Calculate the remainder when 4936 is divided by 190.
186
Calculate the remainder when 22318 is divided by 421.
5
Calculate the remainder when 11113 is divided by 619.
590
What is the remainder when 4366 is divided by 718?
58
What is the remainder when 21740 is divided by 33?
26
What is the remainder when 4623 is divided by 2311?
1
Calculate the remainder when 2677004 is divided by 855.
854
What is the remainder when 129616 is divided by 1127?
11
Calculate the remainder when 224794 is divided by 16.
10
Calculate the remainder when 6810 is divided by 1360.
10
What is the remainder when 3467 is divided by 235?
177
What is the remainder when 8454 is divided by 99?
39
Calculate the remainder when 6166 is divided by 681.
37
Calculate the remainder when 5910 is divided by 2472.
966
What is the remainder when 404462 is divided by 164?
38
What is the remainder when 4447 is divided by 633?
16
What is the remainder when 5709 is divided by 5691?
18
What is the remainder when 68699 is divided by 20?
19
What is the remainder when 1732 is divided by 352?
324
Calculate the remainder when 229071 is divided by 412.
411
Calculate the remainder when 264 is divided by 231.
33
What is the remainder when 356029 is divided by 39?
37
Calculate the remainder when 957 is divided by 65.
47
What is the remainder when 14863 is divided by 2122?
9
Calculate the remainder when 8086 is divided by 1439.
891
Calculate the remainder when 131670 is divided by 85.
5
Calculate the remainder when 7080 is divided by 228.
12
Calculate the remainder when 158 is divided by 52.
2
What is the remainder when 12764 is divided by 246?
218
What is the remainder when 20688 is divided by 20642?
46
Calculate the remainder when 130504 is divided by 155.
149
Calculate the remainder when 555 is divided by 506.
49
Calculate the remainder when 42324 is divided by 42282.
42
Calculate the remainder when 2089352 is divided by 205.
197
Calculate the remainder when 1975370 is divided by 54.
50
Calculate the remainder when 22928 is divided by 49.
45
Calculate the remainder when 64631 is divided by 22.
17
What is the remainder when 48268 is divided by 1625?
1143
Calculate the remainder when 6372 is divided by 253.
47
What is the remainder when 54243 is divided by 35?
28
What is the remainder when 374050 is divided by 7334?
16
What is the remainder when 88622 is divided by 76?
6
What is the remainder when 12680 is divided by 865?
570
Calculate the remainder when 9540 is divided by 399.
363
Calculate the remainder when 88532 is divided by 51.
47
Calculate the remainder when 3921 is divided by 1238.
207
What is the remainder when 14443 is divided by 2888?
3
What is the remainder when 19573 is divided by 52?
21
What is the remainder when 55426 is divided by 10?
6
What is the remainder when 438 is divided by 13?
9
What is the remainder when 27758 is divided by 9221?
95
Calculate the remainder when 941317 is divided by 71.
70
Calculate the remainder when 162802 is divided by 1071.
10
Calculate the remainder when 23278 is divided by 85.
73
What is the remainder when 734428 is divided by 858?
838
What is the remainder when 94288 is divided by 62?
48
What is the remainder when 6361 is divided by 84?
61
Calculate the remainder when 164559 is divided by 80.
79
Calculate the remainder when 27497 is divided by 1145.
17
Calculate the remainder when 572960 is divided by 143236.
16
Calculate the remainder when 79522 is divided by 29.
4
What is the remainder when 2105 is divided by 972?
161
What is the remainder when 4478 is divided by 1106?
54
What is the remainder when 18610 is divided by 2326?
2
Calculate the remainder when 822 is divided by 20.
2
Calculate the remainder when 2550 is divided by 374.
306
What is the remainder when 39526 is divided by 27?
25
What is the remainder when 3715 is divided by 453?
91
Calculate the remainder when 1609 is divided by 29.
14
What is the remainder when 171295 is divided by 229?
3
Calculate the remainder when 236314 is divided by 111.
106
Calculate the remainder when 13828 is divided by 462.
430
Calculate the remainder when 14317 is divided by 33.
28
What is the remainder when 13292 is divided by 34?
32
What is the remainder when 5515 is divided by 161?
41
Calculate the remainder when 816 is divided by 133.
18
What is the remainder when 4929 is divided by 1618?
75
Calculate the remainder when 2590 is divided by 47.
5
Calculate the remainder when 5553 is divided by 10.
3
Calculate the remainder when 1079056 is divided by 23.
11
What is the remainder when 697839 is divided by 130?
129
What is the remainder when 2366 is divided by 576?
62
Calculate the remainder when 38903 is divided by 19355.
193
Calculate the remainder when 507 is divided by 118.
35
What is the remainder when 2449 is divided by 5?
4
What is the remainder when 589373 is divided by 1034?
1027
What is the remainder when 17275 is divided by 65?
50
What is the remainder when 361716 is divided by 120571?
3
Calculate the remainder when 402050 is divided by 68.
34
What is the remainder when 122956 is divided by 204?
148
What is the remainder when 896 is divided by 452?
444
Calculate the remainder when 65821 is divided by 1063.
978
What is the remainder when 503906 is divided by 99?
95
What is the remainder when 338 is divided by 116?
106
Calculate the remainder when 12014 is divided by 218.
24
Calculate the remainder when 15060 is divided by 164.
136
Calculate the remainder when 2128 is divided by 385.
203
What is the remainder when 12454 is divided by 39?
13
What is the remainder when 981461 is divided by 418?
415
Calculate the remainder when 88296 is divided by 17659.
1
What is the remainder when 101839 is divided by 23?
18
Calculate the remainder when 772 is divided by 317.
138
What is the remainder when 8579 is divided by 1710?
29
Calculate the remainder when 178252 is divided by 37.
23
Calculate the remainder when 23668 is divided by 590.
68
What is the remainder when 1668 is divided by 551?
15
Calculate the remainder when 3814 is divided by 309.
106
Calculate the remainder when 25384859 is divided by 290.
289
What is the remainder when 133045 is divided by 66512?
21
Calculate the remainder when 1333293 is divided by 376.
373
Calculate the remainder when 5724 is divided by 5175.
549
What is the remainder when 4155 is divided by 796?
175
Calculate the remainder when 13628724 is divided by 21.
18
Calculate the remainder when 11918 is divided by 3412.
1682
Calculate the remainder when 3885 is divided by 1203.
276
Calculate the remainder when 13720 is divided by 381.
4
What is the remainder when 334950 is divided by 19?
18
What is the remainder when 1225 is divided by 914?
311
What is the remainder when 20819 is divided by 6933?
20
Calculate the remainder when 3189 is divided by 1585.
19
Calculate the remainder when 2861 is divided by 2844.
17
Calculate the remainder when 15795 is divided by 10.
5
Calculate the remainder when 4371 is divided by 996.
387
Calculate the remainder when 4673 is divided by 11.
9
Calculate the remainder when 4811 is divided by 2324.
163
What is the remainder when 3384672 is divided by 15?
12
What is the remainder when 267950 is divided by 6870?
20
What is the remainder when 71759 is divided by 457?
10
What is the remainder when 196367 is divided by 2182?
2169
What is the remainder when 628863 is divided by 47?
3
Calculate the remainder when 622787 is divided by 41.
38
Calculate the remainder when 525 is divided by 198.
129
Calculate the remainder when 40558 is divided by 195.
193
What is the remainder when 1108 is divided by 191?
153
Calculate the remainder when 35580 is divided by 11847.
39
What is the remainder when 3595 is divided by 719?
0
Calculate the remainder w